he remainder when 137338 is divided by 134865?
2473
Calculate the remainder when 35306 is divided by 513.
422
What is the remainder when 2028020 is divided by 373?
19
What is the remainder when 13057680 is divided by 22?
20
Calculate the remainder when 6357252 is divided by 31628.
24
What is the remainder when 1969647 is divided by 41034?
15
What is the remainder when 580908 is divided by 2082?
30
What is the remainder when 926099 is divided by 462649?
801
What is the remainder when 590457 is divided by 196450?
1107
What is the remainder when 99381 is divided by 1962?
1281
Calculate the remainder when 961018 is divided by 350.
268
What is the remainder when 49798994 is divided by 3830691?
11
What is the remainder when 266630 is divided by 14032?
22
Calculate the remainder when 4353628 is divided by 1088405.
8
Calculate the remainder when 3980935 is divided by 625.
310
Calculate the remainder when 45375 is divided by 100.
75
What is the remainder when 91967 is divided by 258?
119
Calculate the remainder when 2214524 is divided by 948.
944
Calculate the remainder when 713655 is divided by 59469.
27
What is the remainder when 114781402 is divided by 4943?
4942
What is the remainder when 321068 is divided by 320841?
227
What is the remainder when 224752 is divided by 5909?
210
Calculate the remainder when 787687 is divided by 2861.
912
Calculate the remainder when 24457596 is divided by 1715.
1696
What is the remainder when 118872 is divided by 46?
8
What is the remainder when 1931166 is divided by 191?
156
Calculate the remainder when 4678506 is divided by 584811.
18
Calculate the remainder when 568378 is divided by 1263.
28
Calculate the remainder when 67613 is divided by 23.
16
What is the remainder when 62263 is divided by 302?
51
Calculate the remainder when 259410 is divided by 12.
6
What is the remainder when 253450 is divided by 76?
66
What is the remainder when 233610 is divided by 934?
110
What is the remainder when 7920 is divided by 167?
71
What is the remainder when 123173405 is divided by 295?
285
Calculate the remainder when 3111047 is divided by 2320.
2247
What is the remainder when 23132744 is divided by 564213?
11
What is the remainder when 27278423 is divided by 1128?
1127
Calculate the remainder when 11820151 is divided by 30.
1
What is the remainder when 661922 is divided by 94547?
93
What is the remainder when 4266062 is divided by 853202?
52
Calculate the remainder when 72088 is divided by 1748.
420
Calculate the remainder when 541804 is divided by 2643.
2632
Calculate the remainder when 13105195 is divided by 129.
85
Calculate the remainder when 1236232 is divided by 285.
187
Calculate the remainder when 64421180 is divided by 1227.
1226
What is the remainder when 589216 is divided by 42070?
236
Calculate the remainder when 69598539 is divided by 188.
187
Calculate the remainder when 78578133 is divided by 536.
533
What is the remainder when 96553 is divided by 13779?
100
What is the remainder when 2925217 is divided by 2076?
133
Calculate the remainder when 14102959 is divided by 3190.
3159
What is the remainder when 335706 is divided by 111331?
1713
What is the remainder when 3624589 is divided by 22793?
502
What is the remainder when 6525549 is divided by 528?
525
What is the remainder when 288619 is divided by 288600?
19
Calculate the remainder when 106548 is divided by 4434.
132
Calculate the remainder when 15108 is divided by 7346.
416
What is the remainder when 3577816 is divided by 20681?
3
Calculate the remainder when 231092 is divided by 177.
107
Calculate the remainder when 4631209 is divided by 186.
181
What is the remainder when 9834265 is divided by 101?
97
Calculate the remainder when 22255559 is divided by 9787.
9708
Calculate the remainder when 1664647 is divided by 4984.
4975
What is the remainder when 212299 is divided by 1007?
829
Calculate the remainder when 241599 is divided by 7.
1
Calculate the remainder when 84107 is divided by 10512.
11
What is the remainder when 32538 is divided by 8070?
258
Calculate the remainder when 1341998 is divided by 86.
54
What is the remainder when 64592463 is divided by 8074057?
7
What is the remainder when 8178211 is divided by 11?
8
What is the remainder when 135188 is divided by 67589?
10
Calculate the remainder when 214382 is divided by 113.
21
What is the remainder when 5486706 is divided by 46497?
60
Calculate the remainder when 58796 is divided by 19382.
650
What is the remainder when 276350 is divided by 272786?
3564
Calculate the remainder when 84010541 is divided by 325.
316
What is the remainder when 4625 is divided by 2006?
613
What is the remainder when 1706236 is divided by 341244?
16
Calculate the remainder when 41845990 is divided by 1420.
10
Calculate the remainder when 13659749 is divided by 650.
649
What is the remainder when 124743 is divided by 318?
87
Calculate the remainder when 85147 is divided by 7675.
722
Calculate the remainder when 10197028 is divided by 3399005.
13
What is the remainder when 14776682 is divided by 2110941?
95
Calculate the remainder when 14387477 is divided by 20.
17
Calculate the remainder when 132578 is divided by 5290.
328
What is the remainder when 6188114 is divided by 10818?
218
Calculate the remainder when 15030024 is divided by 7614.
7602
What is the remainder when 126757 is divided by 62563?
1631
Calculate the remainder when 5998759 is divided by 1711.
1704
Calculate the remainder when 240423 is divided by 47842.
1213
Calculate the remainder when 99094308 is divided by 14.
12
Calculate the remainder when 638792 is divided by 19.
12
What is the remainder when 6355004 is divided by 1584?
1580
Calculate the remainder when 5379100 is divided by 165.
100
Calculate the remainder when 571152 is divided by 488.
192
Calculate the remainder when 4753 is divided by 470.
53
What is the remainder when 50001 is divided by 2811?
2214
What is the remainder when 3196528 is divided by 9?
7
Calculate the remainder when 1894 is divided by 263.
53
What is the remainder when 49625830 is divided by 908?
906
What is the remainder when 113077 is divided by 2791?
1437
Calculate the remainder when 110303862 is divided by 63.
60
Calculate the remainder when 16635557 is divided by 131.
129
Calculate the remainder when 335237 is divided by 335152.
85
Calculate the remainder when 30313717 is divided by 215.
7
What is the remainder when 42264037 is divided by 1190?
1187
What is the remainder when 3536375 is divided by 98?
45
Calculate the remainder when 23059956 is divided by 9.
3
What is the remainder when 15146888 is divided by 3029377?
3
What is the remainder when 1343924 is divided by 663?
23
Calculate the remainder when 21476202 is divided by 92.
90
What is the remainder when 932518 is divided by 133215?
13
Calculate the remainder when 8658619 is divided by 1082327.
3
Calculate the remainder when 1063402 is divided by 336.
298
Calculate the remainder when 1407022 is divided by 8.
6
What is the remainder when 23927382 is divided by 725072?
6
What is the remainder when 2134045 is divided by 153?
1
What is the remainder when 1197427 is divided by 199560?
67
Calculate the remainder when 46560 is divided by 39834.
6726
Calculate the remainder when 41909 is divided by 1594.
465
Calculate the remainder when 2079828 is divided by 482.
480
What is the remainder when 6260657 is divided by 342?
5
Calculate the remainder when 14633323 is divided by 948.
943
What is the remainder when 10467196 is divided by 242?
212
What is the remainder when 63236 is divided by 614?
608
What is the remainder when 18275127 is divided by 1399?
1389
Calculate the remainder when 41238 is divided by 6778.
570
What is the remainder when 8920484 is divided by 1146?
20
What is the remainder when 11208494 is divided by 13?
11
Calculate the remainder when 174643 is divided by 43353.
1231
Calculate the remainder when 222770 is divided by 2448.
2
Calculate the remainder when 8315653 is divided by 17.
1
Calculate the remainder when 434527 is divided by 3648.
415
What is the remainder when 10489433 is divided by 123?
116
What is the remainder when 94822 is divided by 1553?
89
What is the remainder when 134965 is divided by 1957?
1889
What is the remainder when 278961 is divided b